s digit of 30111?
0
What is the units digit of 2363?
3
What is the ten thousands digit of 15352?
1
What is the ten thousands digit of 10654?
1
What is the tens digit of 3324?
2
What is the tens digit of 33679?
7
What is the units digit of 1976?
6
What is the thousands digit of 38695?
8
What is the tens digit of 552?
5
What is the ten thousands digit of 149662?
4
What is the units digit of 2?
2
What is the units digit of 30777?
7
What is the tens digit of 57348?
4
What is the hundreds digit of 29193?
1
What is the hundreds digit of 35149?
1
What is the tens digit of 4597?
9
What is the hundreds digit of 6997?
9
What is the tens digit of 70575?
7
What is the units digit of 281?
1
What is the tens digit of 15866?
6
What is the tens digit of 422?
2
What is the hundreds digit of 2420?
4
What is the hundreds digit of 2410?
4
What is the units digit of 668?
8
What is the tens digit of 12236?
3
What is the units digit of 480?
0
What is the tens digit of 2317?
1
What is the ten thousands digit of 98345?
9
What is the tens digit of 14924?
2
What is the units digit of 84399?
9
What is the units digit of 1928?
8
What is the units digit of 405?
5
What is the ten thousands digit of 22166?
2
What is the units digit of 876?
6
What is the ten thousands digit of 74914?
7
What is the thousands digit of 2332?
2
What is the thousands digit of 5643?
5
What is the thousands digit of 1498?
1
What is the tens digit of 28501?
0
What is the hundreds digit of 24354?
3
What is the tens digit of 261?
6
What is the units digit of 792?
2
What is the tens digit of 10153?
5
What is the tens digit of 11718?
1
What is the units digit of 825?
5
What is the units digit of 179?
9
What is the hundreds digit of 815?
8
What is the tens digit of 888?
8
What is the tens digit of 98?
9
What is the ten thousands digit of 33000?
3
What is the ten thousands digit of 49601?
4
What is the hundreds digit of 38431?
4
What is the tens digit of 647?
4
What is the hundreds digit of 4177?
1
What is the tens digit of 3548?
4
What is the units digit of 5700?
0
What is the hundred thousands digit of 106048?
1
What is the units digit of 111?
1
What is the units digit of 17495?
5
What is the ten thousands digit of 27928?
2
What is the tens digit of 115?
1
What is the units digit of 57752?
2
What is the thousands digit of 28915?
8
What is the hundreds digit of 46639?
6
What is the units digit of 7118?
8
What is the tens digit of 55567?
6
What is the units digit of 14732?
2
What is the units digit of 26738?
8
What is the ten thousands digit of 39074?
3
What is the thousands digit of 16964?
6
What is the units digit of 2806?
6
What is the tens digit of 116379?
7
What is the hundreds digit of 3042?
0
What is the hundreds digit of 431?
4
What is the units digit of 2372?
2
What is the thousands digit of 1261?
1
What is the ten thousands digit of 17797?
1
What is the thousands digit of 21926?
1
What is the thousands digit of 1019?
1
What is the units digit of 187?
7
What is the thousands digit of 78938?
8
What is the ten thousands digit of 103976?
0
What is the tens digit of 2476?
7
What is the units digit of 108477?
7
What is the tens digit of 927?
2
What is the units digit of 354?
4
What is the units digit of 6755?
5
What is the hundreds digit of 2468?
4
What is the hundreds digit of 868?
8
What is the units digit of 2177?
7
What is the tens digit of 397?
9
What is the units digit of 624?
4
What is the units digit of 23825?
5
What is the units digit of 125?
5
What is the units digit of 2408?
8
What is the tens digit of 43789?
8
What is the hundreds digit of 52641?
6
What is the hundreds digit of 5635?
6
What is the hundreds digit of 269?
2
What is the units digit of 2071?
1
What is the units digit of 3984?
4
What is the hundreds digit of 11954?
9
What is the tens digit of 21479?
7
What is the ten thousands digit of 71434?
7
What is the hundreds digit of 59210?
2
What is the ten thousands digit of 128869?
2
What is the hundreds digit of 251?
2
What is the thousands digit of 30323?
0
What is the thousands digit of 27221?
7
What is the ten thousands digit of 62999?
6
What is the tens digit of 68155?
5
What is the tens digit of 12332?
3
What is the hundreds digit of 799?
7
What is the hundreds digit of 48199?
1
What is the tens digit of 338?
3
What is the tens digit of 259?
5
What is the tens digit of 39729?
2
What is the units digit of 963?
3
What is the units digit of 49641?
1
What is the units digit of 33614?
4
What is the tens digit of 3042?
4
What is the tens digit of 2277?
7
What is the hundreds digit of 967?
9
What is the units digit of 4808?
8
What is the tens digit of 551?
5
What is the hundreds digit of 3055?
0
What is the tens digit of 9885?
8
What is the thousands digit of 41044?
1
What is the units digit of 197?
7
What is the thousands digit of 1208?
1
What is the units digit of 89849?
9
What is the tens digit of 893?
9
What is the tens digit of 3290?
9
What is the hundreds digit of 9062?
0
What is the tens digit of 55361?
6
What is the units digit of 524?
4
What is the hundreds digit of 119791?
7
What is the tens digit of 1643?
4
What is the units digit of 17755?
5
What is the units digit of 323?
3
What is the tens digit of 672?
7
What is the tens digit of 4159?
5
What is the hundred thousands digit of 100334?
1
What is the units digit of 700?
0
What is the hundreds digit of 3024?
0
What is the thousands digit of 12319?
2
What is the thousands digit of 1721?
1
What is the units digit of 6768?
8
What is the hundreds digit of 8830?
8
What is the hundreds digit of 4942?
9
What is the hundreds digit of 1942?
9
What is the units digit of 7728?
8
What is the tens digit of 640?
4
What is the hundreds digit of 26071?
0
What is the hundreds digit of 399?
3
What is the hundreds digit of 241?
2
What is the hundreds digit of 26261?
2
What is the units digit of 949?
9
What is the thousands digit of 10038?
0
What is the ten thousands digit of 19803?
1
What is the ten thousands digit of 27759?
2
What is the thousands digit of 21896?
1
What is the units digit of 30063?
3
What is the units digit of 346?
6
What is the tens digit of 18102?
0
What is the thousands digit of 1816?
1
What is the hundreds digit of 6045?
0
What is the ten thousands digit of 10154?
1
What is the units digit of 76912?
2
What is the ten thousands digit of 14469?
1
What is the units digit of 821?
1
What is the units digit of 78521?
1
What is the hundreds digit of 371?
3
What is the units digit of 192995?
5
What is the thousands digit of 174945?
4
What is the tens digit of 476?
7
What is the tens digit of 6292?
9
What is the hundreds digit of 15197?
1
What is the tens digit of 268?
6
What is the thousands digit of 2884?
2
What is the hundreds digit of 161053?
0
What is the hundreds digit of 13150?
1
What is the units digit of 68782?
2
What is the tens digit of 653?
5
What is the thousands digit of 26187?
6
What is the units digit of 14645?
5
What is the tens digit of 123123?
2
What is the units digit of 26167?
7
What is the units digit of 9710?
0
What is the hundreds digit of 280?
2
What is the thousands digit of 3270?
3
What is the units digit of 1249?
9
What is the ten thousands digit of 38556?
3
What is the thousands digit of 33725?
3
What is the hundreds digit of 2509?
5
What is the hundreds digit of 157?
1
What is the units digit of 278?
8
What is the tens digit of 17739?
3
What is the units digit of 28239?
9
What is the tens digit of 803?
0
What is the tens digit of 911?
1
What is the ten thousands digit of 16525?
1
What is the thousands digit of 16980?
6
What is the tens digit of 723?
2
What is the units digit of 3788?
8
What is the tens digit of 17390?
9
What is the thousands digit of 11631?
1
What is the thousands digit of 48531?
8
What is the units digit of 40524?
4
What is the tens digit of 16183?
8
What is the ten thousands digit of 92885?
9
What is the tens digit of 13065?
6
What is the tens digit of 25157?
5
What is the tens digit of 33719?
1
What is the thousands digit of 32961?
2
What is the tens digit of 18623?
2
What is the tens digit of 4103?
0
What is the hundreds digit of 608?
6
What is the hundreds digit of 3330?
3
What is the tens digit of 28775?
7
What is the units digit of 12001?
1
What is the tens digit of 523?
2
